{"id":2902,"date":"2024-09-09T10:35:53","date_gmt":"2024-09-09T08:35:53","guid":{"rendered":"https:\/\/xn--lescrationsdemarie-fwb.fr\/?post_type=product&#038;p=2902"},"modified":"2024-09-09T10:38:48","modified_gmt":"2024-09-09T08:38:48","slug":"suspension-en-macrame-avec-plateau-bois","status":"publish","type":"product","link":"https:\/\/xn--lescrationsdemarie-fwb.fr\/index.php\/produit\/suspension-en-macrame-avec-plateau-bois\/","title":{"rendered":"Suspension en macram\u00e9 avec plateau bois"},"content":{"rendered":"<p>Incontournable de la d\u00e9coration boh\u00e8me et naturelle, le macram\u00e9 pour suspensions, chic et \u00e9l\u00e9gant, permet de mettre en valeur efficacement votre plante, votre cr\u00e9ation personnage ainsi que toute une pi\u00e8ce de votre maison.<\/p>\n<p>On l&rsquo;appr\u00e9cie pour les motifs de son tressage en coton Premier 5mm, directement inspir\u00e9s des styles boh\u00e8me et ethnique. Con\u00e7u \u00e0 la main, par la Cr\u00e9atrice St\u00e9phanie de l&rsquo;entreprise DagDrom, cette suspension avec plateau en bois de bouleau, est l&rsquo;opportunit\u00e9 de donner une nouvelle dimension \u00e0 votre d\u00e9coration v\u00e9g\u00e9tale. Support pour vos cr\u00e9ations en pots de fleurs pour un rendu \u00e0 la fois \u00e9patant et irr\u00e9sistible.<\/p>\n<p>Choisissez vite la v\u00f4tre au meilleur prix. Les suspensions disposent d&rsquo;une taille unique adaptable \u00e0 toutes les tailles de cr\u00e9ations personnages.<\/p>\n<p>Si vous souhaitez une couleur diff\u00e9rente des trois propos\u00e9s, il est possible de passer commande via le formulaire de contact, par t\u00e9l\u00e9phone 06.99.60.61.65 ou bien par mail lescreationsdemarie19@gmail.com. Un d\u00e9lais de fabrication sera appliqu\u00e9 pour la conception d&rsquo;une nouvelle couleur.<\/p>\n","protected":false},"excerpt":{"rendered":"<h6><span style=\"color: #ff0000;\">Les suspensions ne peuvent pas \u00eatre vendus sans l&rsquo;achat d&rsquo;un<\/span>\u00a0<span style=\"color: #ff0000;\">personnage pot de fleurs.<\/span><\/h6>\n<hr \/>\n<p>Merci de bien vouloir indiquer dans la case pr\u00e9vue \u00e0 cet effet, le nom du personnage pot de fleurs que vous souhaitez acheter avec la suspension afin de pouvoir valider la commande de votre suspension.<\/p>\n<p>(Les noms des cr\u00e9ations se trouvent sur chaque fiche produit)<\/p>\n<p>Comptez 5 \u00e0 7 jours ouvr\u00e9s de fabrication, comptez ensuite 2 jours minimum ouvr\u00e9s pour la livraison (selon mode d\u2019envoi). Envoi uniquement vers la France.<\/p>\n<p>*Les plantes et autres objets de d\u00e9corations ne sont pas inclues avec cet articles<\/p>\n","protected":false},"featured_media":2897,"comment_status":"closed","ping_status":"closed","template":"","meta":{"content-type":"","site-sidebar-layout":"default","site-content-layout":"","ast-site-content-layout":"default","site-content-style":"default","site-sidebar-style":"default","ast-global-header-display":"","ast-banner-title-visibility":"","ast-main-header-display":"","ast-hfb-above-header-display":"","ast-hfb-below-header-display":"","ast-hfb-mobile-header-display":"","site-post-title":"","ast-breadcrumbs-content":"","ast-featured-img":"","footer-sml-layout":"","theme-transparent-header-meta":"default","adv-header-id-meta":"","stick-header-meta":"","header-above-stick-meta":"","header-main-stick-meta":"","header-below-stick-meta":"","astra-migrate-meta-layouts":"set","ast-page-background-enabled":"default","ast-page-background-meta":{"desktop":{"background-color":"var(--ast-global-color-4)","background-image":"","background-repeat":"repeat","background-position":"center center","background-size":"auto","background-attachment":"scroll","background-type":"","background-media":"","overlay-type":"","overlay-color":"","overlay-opacity":"","overlay-gradient":""},"tablet":{"background-color":"","background-image":"","background-repeat":"repeat","background-position":"center center","background-size":"auto","background-attachment":"scroll","background-type":"","background-media":"","overlay-type":"","overlay-color":"","overlay-opacity":"","overlay-gradient":""},"mobile":{"background-color":"","background-image":"","background-repeat":"repeat","background-position":"center center","background-size":"auto","background-attachment":"scroll","background-type":"","background-media":"","overlay-type":"","overlay-color":"","overlay-opacity":"","overlay-gradient":""}},"ast-content-background-meta":{"desktop":{"background-color":"var(--ast-global-color-5)","background-image":"","background-repeat":"repeat","background-position":"center center","background-size":"auto","background-attachment":"scroll","background-type":"","background-media":"","overlay-type":"","overlay-color":"","overlay-opacity":"","overlay-gradient":""},"tablet":{"background-color":"var(--ast-global-color-5)","background-image":"","background-repeat":"repeat","background-position":"center center","background-size":"auto","background-attachment":"scroll","background-type":"","background-media":"","overlay-type":"","overlay-color":"","overlay-opacity":"","overlay-gradient":""},"mobile":{"background-color":"var(--ast-global-color-5)","background-image":"","background-repeat":"repeat","background-position":"center center","background-size":"auto","background-attachment":"scroll","background-type":"","background-media":"","overlay-type":"","overlay-color":"","overlay-opacity":"","overlay-gradient":""}}},"product_brand":[],"product_cat":[51],"product_tag":[],"giftcard-category":[],"class_list":{"0":"post-2902","1":"product","2":"type-product","3":"status-publish","4":"has-post-thumbnail","6":"product_cat-accessoires","7":"desktop-align-center","8":"tablet-align-left","9":"mobile-align-left","11":"first","12":"instock","13":"sold-individually","14":"shipping-taxable","15":"purchasable","16":"product-type-simple"},"yoast_head":"<!-- This site is optimized with the Yoast SEO plugin v26.5 - https:\/\/yoast.com\/wordpress\/plugins\/seo\/ -->\n<title>Suspension en macram\u00e9 avec plateau bois - Les cr\u00e9ations de Marie<\/title>\n<meta name=\"robots\" content=\"index, follow, max-snippet:-1, max-image-preview:large, max-video-preview:-1\" \/>\n<link rel=\"canonical\" href=\"https:\/\/xn--lescrationsdemarie-fwb.fr\/index.php\/produit\/suspension-en-macrame-avec-plateau-bois\/\" \/>\n<meta property=\"og:locale\" content=\"fr_FR\" \/>\n<meta property=\"og:type\" content=\"article\" \/>\n<meta property=\"og:title\" content=\"Suspension en macram\u00e9 avec plateau bois - Les cr\u00e9ations de Marie\" \/>\n<meta property=\"og:description\" content=\"Les suspensions ne peuvent pas \u00eatre vendus sans l&#039;achat d&#039;un\u00a0personnage pot de fleurs.    Merci de bien vouloir indiquer dans la case pr\u00e9vue \u00e0 cet effet, le nom du personnage pot de fleurs que vous souhaitez acheter avec la suspension afin de pouvoir valider la commande de votre suspension.  (Les noms des cr\u00e9ations se trouvent sur chaque fiche produit)  Comptez 5 \u00e0 7 jours ouvr\u00e9s de fabrication, comptez ensuite 2 jours minimum ouvr\u00e9s pour la livraison (selon mode d\u2019envoi). Envoi uniquement vers la France.  *Les plantes et autres objets de d\u00e9corations ne sont pas inclues avec cet articles\" \/>\n<meta property=\"og:url\" content=\"https:\/\/xn--lescrationsdemarie-fwb.fr\/index.php\/produit\/suspension-en-macrame-avec-plateau-bois\/\" \/>\n<meta property=\"og:site_name\" content=\"Les cr\u00e9ations de Marie\" \/>\n<meta property=\"article:modified_time\" content=\"2024-09-09T08:38:48+00:00\" \/>\n<meta property=\"og:image\" content=\"https:\/\/lescr\u00e9ationsdemarie.fr\/wp-content\/uploads\/2024\/09\/457144829_1020015926583275_7978222530779098462_n.jpg\" \/>\n\t<meta property=\"og:image:width\" content=\"2048\" \/>\n\t<meta property=\"og:image:height\" content=\"2048\" \/>\n\t<meta property=\"og:image:type\" content=\"image\/jpeg\" \/>\n<meta name=\"twitter:card\" content=\"summary_large_image\" \/>\n<meta name=\"twitter:label1\" content=\"Dur\u00e9e de lecture estim\u00e9e\" \/>\n\t<meta name=\"twitter:data1\" content=\"2 minutes\" \/>\n<script type=\"application\/ld+json\" class=\"yoast-schema-graph\">{\"@context\":\"https:\/\/schema.org\",\"@graph\":[{\"@type\":\"WebPage\",\"@id\":\"https:\/\/xn--lescrationsdemarie-fwb.fr\/index.php\/produit\/suspension-en-macrame-avec-plateau-bois\/\",\"url\":\"https:\/\/xn--lescrationsdemarie-fwb.fr\/index.php\/produit\/suspension-en-macrame-avec-plateau-bois\/\",\"name\":\"Suspension en macram\u00e9 avec plateau bois - Les cr\u00e9ations de Marie\",\"isPartOf\":{\"@id\":\"https:\/\/xn--lescrationsdemarie-fwb.fr\/#website\"},\"primaryImageOfPage\":{\"@id\":\"https:\/\/xn--lescrationsdemarie-fwb.fr\/index.php\/produit\/suspension-en-macrame-avec-plateau-bois\/#primaryimage\"},\"image\":{\"@id\":\"https:\/\/xn--lescrationsdemarie-fwb.fr\/index.php\/produit\/suspension-en-macrame-avec-plateau-bois\/#primaryimage\"},\"thumbnailUrl\":\"https:\/\/lescr\u00e9ationsdemarie.fr\/wp-content\/uploads\/2024\/09\/457144829_1020015926583275_7978222530779098462_n.jpg\",\"datePublished\":\"2024-09-09T08:35:53+00:00\",\"dateModified\":\"2024-09-09T08:38:48+00:00\",\"breadcrumb\":{\"@id\":\"https:\/\/xn--lescrationsdemarie-fwb.fr\/index.php\/produit\/suspension-en-macrame-avec-plateau-bois\/#breadcrumb\"},\"inLanguage\":\"fr-FR\",\"potentialAction\":[{\"@type\":\"ReadAction\",\"target\":[\"https:\/\/xn--lescrationsdemarie-fwb.fr\/index.php\/produit\/suspension-en-macrame-avec-plateau-bois\/\"]}]},{\"@type\":\"ImageObject\",\"inLanguage\":\"fr-FR\",\"@id\":\"https:\/\/xn--lescrationsdemarie-fwb.fr\/index.php\/produit\/suspension-en-macrame-avec-plateau-bois\/#primaryimage\",\"url\":\"https:\/\/lescr\u00e9ationsdemarie.fr\/wp-content\/uploads\/2024\/09\/457144829_1020015926583275_7978222530779098462_n.jpg\",\"contentUrl\":\"https:\/\/lescr\u00e9ationsdemarie.fr\/wp-content\/uploads\/2024\/09\/457144829_1020015926583275_7978222530779098462_n.jpg\",\"width\":2048,\"height\":2048},{\"@type\":\"BreadcrumbList\",\"@id\":\"https:\/\/xn--lescrationsdemarie-fwb.fr\/index.php\/produit\/suspension-en-macrame-avec-plateau-bois\/#breadcrumb\",\"itemListElement\":[{\"@type\":\"ListItem\",\"position\":1,\"name\":\"Accueil\",\"item\":\"https:\/\/xn--lescrationsdemarie-fwb.fr\/\"},{\"@type\":\"ListItem\",\"position\":2,\"name\":\"Boutique\",\"item\":\"https:\/\/xn--lescrationsdemarie-fwb.fr\/index.php\/boutique\/\"},{\"@type\":\"ListItem\",\"position\":3,\"name\":\"Suspension en macram\u00e9 avec plateau bois\"}]},{\"@type\":\"WebSite\",\"@id\":\"https:\/\/xn--lescrationsdemarie-fwb.fr\/#website\",\"url\":\"https:\/\/xn--lescrationsdemarie-fwb.fr\/\",\"name\":\"Les cr\u00e9ations de Marie\",\"description\":\"Un site utilisant WordPress\",\"potentialAction\":[{\"@type\":\"SearchAction\",\"target\":{\"@type\":\"EntryPoint\",\"urlTemplate\":\"https:\/\/xn--lescrationsdemarie-fwb.fr\/?s={search_term_string}\"},\"query-input\":{\"@type\":\"PropertyValueSpecification\",\"valueRequired\":true,\"valueName\":\"search_term_string\"}}],\"inLanguage\":\"fr-FR\"}]}<\/script>\n<!-- \/ Yoast SEO plugin. -->","yoast_head_json":{"title":"Suspension en macram\u00e9 avec plateau bois - Les cr\u00e9ations de Marie","robots":{"index":"index","follow":"follow","max-snippet":"max-snippet:-1","max-image-preview":"max-image-preview:large","max-video-preview":"max-video-preview:-1"},"canonical":"https:\/\/xn--lescrationsdemarie-fwb.fr\/index.php\/produit\/suspension-en-macrame-avec-plateau-bois\/","og_locale":"fr_FR","og_type":"article","og_title":"Suspension en macram\u00e9 avec plateau bois - Les cr\u00e9ations de Marie","og_description":"Les suspensions ne peuvent pas \u00eatre vendus sans l'achat d'un\u00a0personnage pot de fleurs.    Merci de bien vouloir indiquer dans la case pr\u00e9vue \u00e0 cet effet, le nom du personnage pot de fleurs que vous souhaitez acheter avec la suspension afin de pouvoir valider la commande de votre suspension.  (Les noms des cr\u00e9ations se trouvent sur chaque fiche produit)  Comptez 5 \u00e0 7 jours ouvr\u00e9s de fabrication, comptez ensuite 2 jours minimum ouvr\u00e9s pour la livraison (selon mode d\u2019envoi). Envoi uniquement vers la France.  *Les plantes et autres objets de d\u00e9corations ne sont pas inclues avec cet articles","og_url":"https:\/\/xn--lescrationsdemarie-fwb.fr\/index.php\/produit\/suspension-en-macrame-avec-plateau-bois\/","og_site_name":"Les cr\u00e9ations de Marie","article_modified_time":"2024-09-09T08:38:48+00:00","og_image":[{"width":2048,"height":2048,"url":"https:\/\/lescr\u00e9ationsdemarie.fr\/wp-content\/uploads\/2024\/09\/457144829_1020015926583275_7978222530779098462_n.jpg","type":"image\/jpeg"}],"twitter_card":"summary_large_image","twitter_misc":{"Dur\u00e9e de lecture estim\u00e9e":"2 minutes"},"schema":{"@context":"https:\/\/schema.org","@graph":[{"@type":"WebPage","@id":"https:\/\/xn--lescrationsdemarie-fwb.fr\/index.php\/produit\/suspension-en-macrame-avec-plateau-bois\/","url":"https:\/\/xn--lescrationsdemarie-fwb.fr\/index.php\/produit\/suspension-en-macrame-avec-plateau-bois\/","name":"Suspension en macram\u00e9 avec plateau bois - Les cr\u00e9ations de Marie","isPartOf":{"@id":"https:\/\/xn--lescrationsdemarie-fwb.fr\/#website"},"primaryImageOfPage":{"@id":"https:\/\/xn--lescrationsdemarie-fwb.fr\/index.php\/produit\/suspension-en-macrame-avec-plateau-bois\/#primaryimage"},"image":{"@id":"https:\/\/xn--lescrationsdemarie-fwb.fr\/index.php\/produit\/suspension-en-macrame-avec-plateau-bois\/#primaryimage"},"thumbnailUrl":"https:\/\/lescr\u00e9ationsdemarie.fr\/wp-content\/uploads\/2024\/09\/457144829_1020015926583275_7978222530779098462_n.jpg","datePublished":"2024-09-09T08:35:53+00:00","dateModified":"2024-09-09T08:38:48+00:00","breadcrumb":{"@id":"https:\/\/xn--lescrationsdemarie-fwb.fr\/index.php\/produit\/suspension-en-macrame-avec-plateau-bois\/#breadcrumb"},"inLanguage":"fr-FR","potentialAction":[{"@type":"ReadAction","target":["https:\/\/xn--lescrationsdemarie-fwb.fr\/index.php\/produit\/suspension-en-macrame-avec-plateau-bois\/"]}]},{"@type":"ImageObject","inLanguage":"fr-FR","@id":"https:\/\/xn--lescrationsdemarie-fwb.fr\/index.php\/produit\/suspension-en-macrame-avec-plateau-bois\/#primaryimage","url":"https:\/\/lescr\u00e9ationsdemarie.fr\/wp-content\/uploads\/2024\/09\/457144829_1020015926583275_7978222530779098462_n.jpg","contentUrl":"https:\/\/lescr\u00e9ationsdemarie.fr\/wp-content\/uploads\/2024\/09\/457144829_1020015926583275_7978222530779098462_n.jpg","width":2048,"height":2048},{"@type":"BreadcrumbList","@id":"https:\/\/xn--lescrationsdemarie-fwb.fr\/index.php\/produit\/suspension-en-macrame-avec-plateau-bois\/#breadcrumb","itemListElement":[{"@type":"ListItem","position":1,"name":"Accueil","item":"https:\/\/xn--lescrationsdemarie-fwb.fr\/"},{"@type":"ListItem","position":2,"name":"Boutique","item":"https:\/\/xn--lescrationsdemarie-fwb.fr\/index.php\/boutique\/"},{"@type":"ListItem","position":3,"name":"Suspension en macram\u00e9 avec plateau bois"}]},{"@type":"WebSite","@id":"https:\/\/xn--lescrationsdemarie-fwb.fr\/#website","url":"https:\/\/xn--lescrationsdemarie-fwb.fr\/","name":"Les cr\u00e9ations de Marie","description":"Un site utilisant WordPress","potentialAction":[{"@type":"SearchAction","target":{"@type":"EntryPoint","urlTemplate":"https:\/\/xn--lescrationsdemarie-fwb.fr\/?s={search_term_string}"},"query-input":{"@type":"PropertyValueSpecification","valueRequired":true,"valueName":"search_term_string"}}],"inLanguage":"fr-FR"}]}},"jetpack_sharing_enabled":true,"_links":{"self":[{"href":"https:\/\/xn--lescrationsdemarie-fwb.fr\/index.php\/wp-json\/wp\/v2\/product\/2902","targetHints":{"allow":["GET"]}}],"collection":[{"href":"https:\/\/xn--lescrationsdemarie-fwb.fr\/index.php\/wp-json\/wp\/v2\/product"}],"about":[{"href":"https:\/\/xn--lescrationsdemarie-fwb.fr\/index.php\/wp-json\/wp\/v2\/types\/product"}],"replies":[{"embeddable":true,"href":"https:\/\/xn--lescrationsdemarie-fwb.fr\/index.php\/wp-json\/wp\/v2\/comments?post=2902"}],"wp:featuredmedia":[{"embeddable":true,"href":"https:\/\/xn--lescrationsdemarie-fwb.fr\/index.php\/wp-json\/wp\/v2\/media\/2897"}],"wp:attachment":[{"href":"https:\/\/xn--lescrationsdemarie-fwb.fr\/index.php\/wp-json\/wp\/v2\/media?parent=2902"}],"wp:term":[{"taxonomy":"product_brand","embeddable":true,"href":"https:\/\/xn--lescrationsdemarie-fwb.fr\/index.php\/wp-json\/wp\/v2\/product_brand?post=2902"},{"taxonomy":"product_cat","embeddable":true,"href":"https:\/\/xn--lescrationsdemarie-fwb.fr\/index.php\/wp-json\/wp\/v2\/product_cat?post=2902"},{"taxonomy":"product_tag","embeddable":true,"href":"https:\/\/xn--lescrationsdemarie-fwb.fr\/index.php\/wp-json\/wp\/v2\/product_tag?post=2902"},{"taxonomy":"giftcard-category","embeddable":true,"href":"https:\/\/xn--lescrationsdemarie-fwb.fr\/index.php\/wp-json\/wp\/v2\/giftcard-category?post=2902"}],"curies":[{"name":"wp","href":"https:\/\/api.w.org\/{rel}","templated":true}]}}