{"id":4327,"date":"2025-11-10T11:33:11","date_gmt":"2025-11-10T10:33:11","guid":{"rendered":"https:\/\/xn--lescrationsdemarie-fwb.fr\/?post_type=product&#038;p=4327"},"modified":"2025-11-30T18:32:11","modified_gmt":"2025-11-30T17:32:11","slug":"mini-personnage-bonhomme-de-neige","status":"publish","type":"product","link":"https:\/\/xn--lescrationsdemarie-fwb.fr\/index.php\/produit\/mini-personnage-bonhomme-de-neige\/","title":{"rendered":"Mini-personnage Bonhomme de neige"},"content":{"rendered":"<h4 data-start=\"244\" data-end=\"293\">Petits Personnages de No\u00ebl Faits Main<\/h4>\n<p data-start=\"295\" data-end=\"550\"><strong data-start=\"295\" data-end=\"336\">Bonhomme de neige<\/strong><br data-start=\"336\" data-end=\"339\" \/>Chaque figurine est <strong data-start=\"359\" data-end=\"390\">peinte \u00e0 la main avec amour<\/strong>, pour une d\u00e9coration pleine de charme et d\u2019authenticit\u00e9.<br data-start=\"447\" data-end=\"450\" \/>Parfaite pour une <strong data-start=\"468\" data-end=\"485\">d\u00e9co de table<\/strong>, un <strong data-start=\"490\" data-end=\"509\">cadeau original<\/strong> ou une <strong data-start=\"517\" data-end=\"545\">petite attention festive<\/strong> \ud83d\udc9d<\/p>\n<p data-start=\"552\" data-end=\"695\">\ud83d\udccf <strong data-start=\"555\" data-end=\"567\">Taille :<\/strong> environ 10 cm de haut<br data-start=\"589\" data-end=\"592\" \/>\ud83c\udfa8 <strong data-start=\"595\" data-end=\"636\">Fabrication artisanale \u2013 pi\u00e8ce unique<\/strong><br data-start=\"636\" data-end=\"639\" \/>\ud83c\udf6b <strong data-start=\"642\" data-end=\"664\">Couleur des accessoires :<\/strong> al\u00e9atoire<\/p>\n<hr data-start=\"697\" data-end=\"700\" \/>\n<h4 data-start=\"702\" data-end=\"721\"><strong data-start=\"709\" data-end=\"721\">Tarifs :<\/strong><\/h4>\n<p data-start=\"722\" data-end=\"799\">\ud83e\ude84 Figurine seule : <strong data-start=\"742\" data-end=\"751\">_9_ \u20ac<\/strong><\/p>\n<hr data-start=\"801\" data-end=\"804\" \/>\n<p data-start=\"806\" data-end=\"914\">\u2728 <em data-start=\"808\" data-end=\"830\">Fait main avec amour<\/em><br data-start=\"830\" data-end=\"833\" \/>\ud83c\udf84 <em data-start=\"836\" data-end=\"867\">Cr\u00e9ation artisanale fran\u00e7aise<\/em><br data-start=\"867\" data-end=\"870\" \/>\ud83c\udf81 <em data-start=\"873\" data-end=\"912\">Un petit d\u00e9tail qui fait briller No\u00ebl<\/em><\/p>\n<p>Vous souhaitez plus de renseignements pour une commande sp\u00e9ciale ? Contactez-moi au <strong><em>06 99 60 61 65<\/em><\/strong> ou par mail <strong><em>lescreationsdemarie19@gmail.com<\/em><\/strong>.<\/p>\n","protected":false},"excerpt":{"rendered":"<p><strong>D\u00e9lais de livraison :<\/strong> compter 5 \u00e0 7 jours ouvr\u00e9s (hors week-end et jours f\u00e9ri\u00e9s).<\/p>\n","protected":false},"featured_media":4322,"comment_status":"closed","ping_status":"closed","template":"","meta":{"content-type":"","site-sidebar-layout":"default","site-content-layout":"","ast-site-content-layout":"default","site-content-style":"default","site-sidebar-style":"default","ast-global-header-display":"","ast-banner-title-visibility":"","ast-main-header-display":"","ast-hfb-above-header-display":"","ast-hfb-below-header-display":"","ast-hfb-mobile-header-display":"","site-post-title":"","ast-breadcrumbs-content":"","ast-featured-img":"","footer-sml-layout":"","theme-transparent-header-meta":"default","adv-header-id-meta":"","stick-header-meta":"","header-above-stick-meta":"","header-main-stick-meta":"","header-below-stick-meta":"","astra-migrate-meta-layouts":"set","ast-page-background-enabled":"default","ast-page-background-meta":{"desktop":{"background-color":"var(--ast-global-color-4)","background-image":"","background-repeat":"repeat","background-position":"center center","background-size":"auto","background-attachment":"scroll","background-type":"","background-media":"","overlay-type":"","overlay-color":"","overlay-opacity":"","overlay-gradient":""},"tablet":{"background-color":"","background-image":"","background-repeat":"repeat","background-position":"center center","background-size":"auto","background-attachment":"scroll","background-type":"","background-media":"","overlay-type":"","overlay-color":"","overlay-opacity":"","overlay-gradient":""},"mobile":{"background-color":"","background-image":"","background-repeat":"repeat","background-position":"center center","background-size":"auto","background-attachment":"scroll","background-type":"","background-media":"","overlay-type":"","overlay-color":"","overlay-opacity":"","overlay-gradient":""}},"ast-content-background-meta":{"desktop":{"background-color":"var(--ast-global-color-5)","background-image":"","background-repeat":"repeat","background-position":"center center","background-size":"auto","background-attachment":"scroll","background-type":"","background-media":"","overlay-type":"","overlay-color":"","overlay-opacity":"","overlay-gradient":""},"tablet":{"background-color":"var(--ast-global-color-5)","background-image":"","background-repeat":"repeat","background-position":"center center","background-size":"auto","background-attachment":"scroll","background-type":"","background-media":"","overlay-type":"","overlay-color":"","overlay-opacity":"","overlay-gradient":""},"mobile":{"background-color":"var(--ast-global-color-5)","background-image":"","background-repeat":"repeat","background-position":"center center","background-size":"auto","background-attachment":"scroll","background-type":"","background-media":"","overlay-type":"","overlay-color":"","overlay-opacity":"","overlay-gradient":""}}},"product_brand":[],"product_cat":[39],"product_tag":[],"giftcard-category":[],"class_list":{"0":"post-4327","1":"product","2":"type-product","3":"status-publish","4":"has-post-thumbnail","6":"product_cat-noel","7":"desktop-align-center","8":"tablet-align-left","9":"mobile-align-left","11":"first","12":"outofstock","13":"shipping-taxable","14":"purchasable","15":"product-type-simple"},"yoast_head":"<!-- This site is optimized with the Yoast SEO plugin v26.5 - https:\/\/yoast.com\/wordpress\/plugins\/seo\/ -->\n<title>Mini-personnage Bonhomme de neige - Les cr\u00e9ations de Marie<\/title>\n<meta name=\"robots\" content=\"index, follow, max-snippet:-1, max-image-preview:large, max-video-preview:-1\" \/>\n<link rel=\"canonical\" href=\"https:\/\/xn--lescrationsdemarie-fwb.fr\/index.php\/produit\/mini-personnage-bonhomme-de-neige\/\" \/>\n<meta property=\"og:locale\" content=\"fr_FR\" \/>\n<meta property=\"og:type\" content=\"article\" \/>\n<meta property=\"og:title\" content=\"Mini-personnage Bonhomme de neige - Les cr\u00e9ations de Marie\" \/>\n<meta property=\"og:description\" content=\"D\u00e9lais de livraison : compter 5 \u00e0 7 jours ouvr\u00e9s (hors week-end et jours f\u00e9ri\u00e9s).\" \/>\n<meta property=\"og:url\" content=\"https:\/\/xn--lescrationsdemarie-fwb.fr\/index.php\/produit\/mini-personnage-bonhomme-de-neige\/\" \/>\n<meta property=\"og:site_name\" content=\"Les cr\u00e9ations de Marie\" \/>\n<meta property=\"article:modified_time\" content=\"2025-11-30T17:32:11+00:00\" \/>\n<meta property=\"og:image\" content=\"https:\/\/lescr\u00e9ationsdemarie.fr\/wp-content\/uploads\/2025\/11\/93be246f-5677-4182-91ea-071d73137377.jpg\" \/>\n\t<meta property=\"og:image:width\" content=\"1570\" \/>\n\t<meta property=\"og:image:height\" content=\"2394\" \/>\n\t<meta property=\"og:image:type\" content=\"image\/jpeg\" \/>\n<meta name=\"twitter:card\" content=\"summary_large_image\" \/>\n<meta name=\"twitter:label1\" content=\"Dur\u00e9e de lecture estim\u00e9e\" \/>\n\t<meta name=\"twitter:data1\" content=\"1 minute\" \/>\n<script type=\"application\/ld+json\" class=\"yoast-schema-graph\">{\"@context\":\"https:\/\/schema.org\",\"@graph\":[{\"@type\":\"WebPage\",\"@id\":\"https:\/\/xn--lescrationsdemarie-fwb.fr\/index.php\/produit\/mini-personnage-bonhomme-de-neige\/\",\"url\":\"https:\/\/xn--lescrationsdemarie-fwb.fr\/index.php\/produit\/mini-personnage-bonhomme-de-neige\/\",\"name\":\"Mini-personnage Bonhomme de neige - Les cr\u00e9ations de Marie\",\"isPartOf\":{\"@id\":\"https:\/\/xn--lescrationsdemarie-fwb.fr\/#website\"},\"primaryImageOfPage\":{\"@id\":\"https:\/\/xn--lescrationsdemarie-fwb.fr\/index.php\/produit\/mini-personnage-bonhomme-de-neige\/#primaryimage\"},\"image\":{\"@id\":\"https:\/\/xn--lescrationsdemarie-fwb.fr\/index.php\/produit\/mini-personnage-bonhomme-de-neige\/#primaryimage\"},\"thumbnailUrl\":\"https:\/\/lescr\u00e9ationsdemarie.fr\/wp-content\/uploads\/2025\/11\/93be246f-5677-4182-91ea-071d73137377.jpg\",\"datePublished\":\"2025-11-10T10:33:11+00:00\",\"dateModified\":\"2025-11-30T17:32:11+00:00\",\"breadcrumb\":{\"@id\":\"https:\/\/xn--lescrationsdemarie-fwb.fr\/index.php\/produit\/mini-personnage-bonhomme-de-neige\/#breadcrumb\"},\"inLanguage\":\"fr-FR\",\"potentialAction\":[{\"@type\":\"ReadAction\",\"target\":[\"https:\/\/xn--lescrationsdemarie-fwb.fr\/index.php\/produit\/mini-personnage-bonhomme-de-neige\/\"]}]},{\"@type\":\"ImageObject\",\"inLanguage\":\"fr-FR\",\"@id\":\"https:\/\/xn--lescrationsdemarie-fwb.fr\/index.php\/produit\/mini-personnage-bonhomme-de-neige\/#primaryimage\",\"url\":\"https:\/\/lescr\u00e9ationsdemarie.fr\/wp-content\/uploads\/2025\/11\/93be246f-5677-4182-91ea-071d73137377.jpg\",\"contentUrl\":\"https:\/\/lescr\u00e9ationsdemarie.fr\/wp-content\/uploads\/2025\/11\/93be246f-5677-4182-91ea-071d73137377.jpg\",\"width\":1570,\"height\":2394},{\"@type\":\"BreadcrumbList\",\"@id\":\"https:\/\/xn--lescrationsdemarie-fwb.fr\/index.php\/produit\/mini-personnage-bonhomme-de-neige\/#breadcrumb\",\"itemListElement\":[{\"@type\":\"ListItem\",\"position\":1,\"name\":\"Accueil\",\"item\":\"https:\/\/xn--lescrationsdemarie-fwb.fr\/\"},{\"@type\":\"ListItem\",\"position\":2,\"name\":\"Boutique\",\"item\":\"https:\/\/xn--lescrationsdemarie-fwb.fr\/index.php\/boutique\/\"},{\"@type\":\"ListItem\",\"position\":3,\"name\":\"Mini-personnage Bonhomme de neige\"}]},{\"@type\":\"WebSite\",\"@id\":\"https:\/\/xn--lescrationsdemarie-fwb.fr\/#website\",\"url\":\"https:\/\/xn--lescrationsdemarie-fwb.fr\/\",\"name\":\"Les cr\u00e9ations de Marie\",\"description\":\"Un site utilisant WordPress\",\"potentialAction\":[{\"@type\":\"SearchAction\",\"target\":{\"@type\":\"EntryPoint\",\"urlTemplate\":\"https:\/\/xn--lescrationsdemarie-fwb.fr\/?s={search_term_string}\"},\"query-input\":{\"@type\":\"PropertyValueSpecification\",\"valueRequired\":true,\"valueName\":\"search_term_string\"}}],\"inLanguage\":\"fr-FR\"}]}<\/script>\n<!-- \/ Yoast SEO plugin. -->","yoast_head_json":{"title":"Mini-personnage Bonhomme de neige - Les cr\u00e9ations de Marie","robots":{"index":"index","follow":"follow","max-snippet":"max-snippet:-1","max-image-preview":"max-image-preview:large","max-video-preview":"max-video-preview:-1"},"canonical":"https:\/\/xn--lescrationsdemarie-fwb.fr\/index.php\/produit\/mini-personnage-bonhomme-de-neige\/","og_locale":"fr_FR","og_type":"article","og_title":"Mini-personnage Bonhomme de neige - Les cr\u00e9ations de Marie","og_description":"D\u00e9lais de livraison : compter 5 \u00e0 7 jours ouvr\u00e9s (hors week-end et jours f\u00e9ri\u00e9s).","og_url":"https:\/\/xn--lescrationsdemarie-fwb.fr\/index.php\/produit\/mini-personnage-bonhomme-de-neige\/","og_site_name":"Les cr\u00e9ations de Marie","article_modified_time":"2025-11-30T17:32:11+00:00","og_image":[{"width":1570,"height":2394,"url":"https:\/\/lescr\u00e9ationsdemarie.fr\/wp-content\/uploads\/2025\/11\/93be246f-5677-4182-91ea-071d73137377.jpg","type":"image\/jpeg"}],"twitter_card":"summary_large_image","twitter_misc":{"Dur\u00e9e de lecture estim\u00e9e":"1 minute"},"schema":{"@context":"https:\/\/schema.org","@graph":[{"@type":"WebPage","@id":"https:\/\/xn--lescrationsdemarie-fwb.fr\/index.php\/produit\/mini-personnage-bonhomme-de-neige\/","url":"https:\/\/xn--lescrationsdemarie-fwb.fr\/index.php\/produit\/mini-personnage-bonhomme-de-neige\/","name":"Mini-personnage Bonhomme de neige - Les cr\u00e9ations de Marie","isPartOf":{"@id":"https:\/\/xn--lescrationsdemarie-fwb.fr\/#website"},"primaryImageOfPage":{"@id":"https:\/\/xn--lescrationsdemarie-fwb.fr\/index.php\/produit\/mini-personnage-bonhomme-de-neige\/#primaryimage"},"image":{"@id":"https:\/\/xn--lescrationsdemarie-fwb.fr\/index.php\/produit\/mini-personnage-bonhomme-de-neige\/#primaryimage"},"thumbnailUrl":"https:\/\/lescr\u00e9ationsdemarie.fr\/wp-content\/uploads\/2025\/11\/93be246f-5677-4182-91ea-071d73137377.jpg","datePublished":"2025-11-10T10:33:11+00:00","dateModified":"2025-11-30T17:32:11+00:00","breadcrumb":{"@id":"https:\/\/xn--lescrationsdemarie-fwb.fr\/index.php\/produit\/mini-personnage-bonhomme-de-neige\/#breadcrumb"},"inLanguage":"fr-FR","potentialAction":[{"@type":"ReadAction","target":["https:\/\/xn--lescrationsdemarie-fwb.fr\/index.php\/produit\/mini-personnage-bonhomme-de-neige\/"]}]},{"@type":"ImageObject","inLanguage":"fr-FR","@id":"https:\/\/xn--lescrationsdemarie-fwb.fr\/index.php\/produit\/mini-personnage-bonhomme-de-neige\/#primaryimage","url":"https:\/\/lescr\u00e9ationsdemarie.fr\/wp-content\/uploads\/2025\/11\/93be246f-5677-4182-91ea-071d73137377.jpg","contentUrl":"https:\/\/lescr\u00e9ationsdemarie.fr\/wp-content\/uploads\/2025\/11\/93be246f-5677-4182-91ea-071d73137377.jpg","width":1570,"height":2394},{"@type":"BreadcrumbList","@id":"https:\/\/xn--lescrationsdemarie-fwb.fr\/index.php\/produit\/mini-personnage-bonhomme-de-neige\/#breadcrumb","itemListElement":[{"@type":"ListItem","position":1,"name":"Accueil","item":"https:\/\/xn--lescrationsdemarie-fwb.fr\/"},{"@type":"ListItem","position":2,"name":"Boutique","item":"https:\/\/xn--lescrationsdemarie-fwb.fr\/index.php\/boutique\/"},{"@type":"ListItem","position":3,"name":"Mini-personnage Bonhomme de neige"}]},{"@type":"WebSite","@id":"https:\/\/xn--lescrationsdemarie-fwb.fr\/#website","url":"https:\/\/xn--lescrationsdemarie-fwb.fr\/","name":"Les cr\u00e9ations de Marie","description":"Un site utilisant WordPress","potentialAction":[{"@type":"SearchAction","target":{"@type":"EntryPoint","urlTemplate":"https:\/\/xn--lescrationsdemarie-fwb.fr\/?s={search_term_string}"},"query-input":{"@type":"PropertyValueSpecification","valueRequired":true,"valueName":"search_term_string"}}],"inLanguage":"fr-FR"}]}},"jetpack_sharing_enabled":true,"_links":{"self":[{"href":"https:\/\/xn--lescrationsdemarie-fwb.fr\/index.php\/wp-json\/wp\/v2\/product\/4327","targetHints":{"allow":["GET"]}}],"collection":[{"href":"https:\/\/xn--lescrationsdemarie-fwb.fr\/index.php\/wp-json\/wp\/v2\/product"}],"about":[{"href":"https:\/\/xn--lescrationsdemarie-fwb.fr\/index.php\/wp-json\/wp\/v2\/types\/product"}],"replies":[{"embeddable":true,"href":"https:\/\/xn--lescrationsdemarie-fwb.fr\/index.php\/wp-json\/wp\/v2\/comments?post=4327"}],"wp:featuredmedia":[{"embeddable":true,"href":"https:\/\/xn--lescrationsdemarie-fwb.fr\/index.php\/wp-json\/wp\/v2\/media\/4322"}],"wp:attachment":[{"href":"https:\/\/xn--lescrationsdemarie-fwb.fr\/index.php\/wp-json\/wp\/v2\/media?parent=4327"}],"wp:term":[{"taxonomy":"product_brand","embeddable":true,"href":"https:\/\/xn--lescrationsdemarie-fwb.fr\/index.php\/wp-json\/wp\/v2\/product_brand?post=4327"},{"taxonomy":"product_cat","embeddable":true,"href":"https:\/\/xn--lescrationsdemarie-fwb.fr\/index.php\/wp-json\/wp\/v2\/product_cat?post=4327"},{"taxonomy":"product_tag","embeddable":true,"href":"https:\/\/xn--lescrationsdemarie-fwb.fr\/index.php\/wp-json\/wp\/v2\/product_tag?post=4327"},{"taxonomy":"giftcard-category","embeddable":true,"href":"https:\/\/xn--lescrationsdemarie-fwb.fr\/index.php\/wp-json\/wp\/v2\/giftcard-category?post=4327"}],"curies":[{"name":"wp","href":"https:\/\/api.w.org\/{rel}","templated":true}]}}